+ 5*b - 1 - 6*b - b - u*b**3. What is c(2)?
-11
Let o = -54 + 54. Let f(k) = k**3 - k + 7. Give f(o).
7
Let o(d) = d**3 + 2*d**2 - 1. Let z(x) = -5*x**3 - 15*x**2 - 2*x + 9. Let q(w) = 6*o(w) + z(w). Let a(f) = f**2 + 5*f + 2. Let g be a(-5). Determine q(g).
-5
Let p = -3 + 7. Suppose -2*u = 2*t - 8, -p*t + 15 = u + 5. Let w = -4 + u. Let b(g) = -3*g**2 - 2*g + 2. What is b(w)?
-6
Let g(h) = h**3. Let u(n) = -5*n**3 + 6*n**2 - 3*n - 2. Let z(o) = -4*g(o) - u(o). What is z(5)?
-8
Let d be 7/4 - (-1)/4. Let g(m) = -2*m**3 - m**3 - 2*m**3 - m + 2*m**d. Suppose 3*o - 12 = 0, -3*o = 3*c - 7*o + 13. What is g(c)?
-4
Let x(p) be the second derivative of p**5/60 + p**4/6 - 2*p**3/3 - p**2 + p. Let w(n) be the first derivative of x(n). Calculate w(-4).
-4
Let d be -2*2/8*10. Let m(w) = 10 - 11 - w + 3. Calculate m(d).
7
Suppose 29 + 16 = 3*s. Suppose -3 = 3*u - s. Let y(g) = 5 - u - 1 - 2*g. Give y(-4).
8
Let b(g) be the third derivative of -g**2 + 1/6*g**4 + 1/30*g**5 + 0 + 1/6*g**3 + 0*g. Determine b(-3).
7
Let m(x) = -7*x + 2. Let n(z) = -6*z + 2. Let a(q) = -5*m(q) + 4*n(q). What is a(2)?
20
Let f(i) = -i**2 + 4*i + 2. Let x(a) = a**3 + 5*a**2 + 3*a. Let q be x(-4). Give f(q).
2
Let w(g) = -g. Let r(b) = b**2 + 3*b. Let y(n) = 4*r(n) + 11*w(n). What is y(-2)?
14
Suppose f = -3*f + 5*y + 31, 8 = 5*f + 4*y. Suppose 0 = f*q - 7*q + 15. Let j(x) = x**2 - 4*x + 1. Determine j(q).
6
Let g be (3/(-2))/((-2)/4). Let d(l) = 2*l**2 - 6*l - 1. Let f be d(5). Suppose -4*o + f = g. Let r(p) = -p**2 + 5*p - 5. Determine r(o).
-1
Let w(g) be the second derivative of -g**3/2 - g**2/2 + 2*g. Let r(x) = x**2 + 2*x - 2. Let h be r(2). Suppose -3*c - h = -0*c. Calculate w(c).
5
Let z(q) = -3*q**2 - 3*q. Suppose 3*s = -4*v - 14, -v - 5*s - 8 = -2*v. Determine z(v).
-6
Suppose 4*u + 2*h = h - 23, -5*u = 4*h + 37. Let v(l) = l**3 + 5*l**2 - 5. Determine v(u).
-5
Let o = -7 + 13. Let j = -4 + o. Let q(i) be the first derivative of -i**4/4 + 2*i**3/3 + i + 1. Give q(j).
1
Let c(s) be the first derivative of -3*s**2/2 - 2*s - 1. Let q(k) = 8*k**3 - 2*k**2 + 1. Let x be q(1). Suppose 4*b - x - 1 = 0. What is c(b)?
-8
Let h(q) = q - 7. Let d be (-4)/(-14) - (-231)/49. Suppose 0 = w - 3*f - 4 - 7, 2*f = -d*w + 4. Suppose -3*s + n + n - 15 = 0, w*n + 15 = -3*s. Determine h(s).
-12
Let q(s) = 0*s + s + 4*s**2 - 7*s - 3*s**2 - 3. Let a(h) be the first derivative of h**2/2 - 6*h + 4. Let n be a(12). Give q(n).
-3
Let r(k) = -4*k. Suppose -3*g = -2*g - 3. Suppose -10 = -g*u - 2*u. Give r(u).
-8
Suppose -20 = -5*h, -4*j - 6*h + 12 = -3*h. Suppose j - 11 = 5*x - 4*r, r = 4. Let l(u) = x + 1 + 6*u - 1. Give l(1).
7
Let h(j) = 2*j**2 + 7*j + 8. Let m(s) = -s**2 - s - 1. Let x = 3 + -2. Let z(k) = x*h(k) + 3*m(k). Calculate z(6).
-7
Suppose -r + 0 = 4*h - 7, -3*h = 4*r - 2. Let g(n) = n**2 - n**2 + 2*n**2 - 3*n + h*n. What is g(1)?
1
Let f(l) = 6 + 2 - 6*l - 8. What is f(-2)?
12
Let q(m) = -m**2 - 7*m + m + 4 - m + 3*m. Let l = 0 + -4. Determine q(l).
4
Let l(x) = -x**2 + 4*x - 4. Suppose -16 - 16 = -8*f. Determine l(f).
-4
Let o be 4/10*20/(-4). Let q be (o - 2/(-6))*-3. Let w(u) = -3 - q*u + 3*u - 2*u. Calculate w(-2).
5
Suppose 2*g - 1 = -17. Let k(t) = -t**3 - 9*t**2 - 6*t + 9. What is k(g)?
-7
Let k(z) = z**2 + 9*z + 3. Let u be k(-9). Suppose -n = 3*b + n - 9, -u*n = 0. Let t be 1 - b/(6/(-4)). Let a(s) = s**2 - 2*s + 3. Give a(t).
6
Let y(p) be the third derivative of -p**6/120 + p**5/12 - p**4/24 + 5*p**3/6 - 3*p**2. What is y(4)?
17
Suppose 4*j - 5*t = -4*t + 29, 0 = -3*j - 5*t + 39. Suppose -2*l + 3*m = j*m - 14, -6 = l - 4*m. Let a(v) = -v**3 + 2*v**2 - 3*v. Give a(l).
-6
Let x(r) = -15*r**3 + 6*r**3 + 2*r**3. Calculate x(1).
-7
Let a(v) = -v + 4. Let i be a(0). Let t(k) = -6*k + 0 - k**3 + k**2 - i + 5*k. What is t(0)?
-4
Let x(c) = c + 9. Let v be x(-8). Let z(k) = 3*k - k - k + v + k. Give z(-2).
-3
Let b(h) = -h**2 - 3*h + 2. Suppose 0*a = -2*a + 2*y - 2, 3*y - 9 = 0. Calculate b(a).
-8
Let u(r) = -r - 1. Suppose 0 = 5*g + 4*v - 5, 5*g + v = 5*v + 5. Let f(j) = 8*j + 8. Let o(t) = g*f(t) + 6*u(t). Determine o(-2).
-2
Let q(l) = 5*l - 9. Let w(d) = 3*d + 6 - 1 - 4*d - 2*d. Let m(k) = 4*q(k) + 7*w(k). Calculate m(-2).
1
Let o(z) = -z**3 - 4*z**2 - 3*z. Let w = -2 + 6. Suppose -7 = 3*g - w*g. Suppose n - g = 4*n + q, 13 = -5*n - 3*q. Determine o(n).
-2
Let o(l) = -5*l - 2. Suppose -2*d - 2*v + 21 = -v, -33 = -3*d - v. Let h be (d/(-6))/(1 + 0). Give o(h).
8
Suppose 0 = 3*u - 3*w, -6*u = -3*u + 3*w - 12. Suppose 0 = 2*q + u + 4. Let r(k) be the first derivative of -k**4/4 - k**3 + k**2/2 + 2*k + 16. Calculate r(q).
-1
Suppose 4*h = t + 77, h - 23 = -0*h - t. Let g be 2/1*(-10)/h. Let p(m) = 4*m**2 + m. Give p(g).
3
Let a(m) = -m - 1. Let l be 0/(5*3/15). What is a(l)?
-1
Suppose 5*o + 4 = 2*w, -4*w + 4*o - 2*o + 8 = 0. Let s(l) = -w*l - 1 + 1. Let g(d) = d**3 + 4*d**2 + 3*d - 1. Let f be g(-3). Give s(f).
2
Let i(k) be the first derivative of 5*k**2/2 + k + 1. Give i(-1).
-4
Let g(d) = d**3 + 5*d**2 + 3*d - 1. Let a(s) = -s + 1. Let c(h) = -2*h. Let z(p) = 4*a(p) - c(p). Let x be z(5). Let m = x + 2. Determine g(m).
3
Let m(h) = h + 6. Let z = -10 - -21. Let d = 7 - z. Give m(d).
2
Suppose -f - 6 = 3. Let h = f - -3. Let l(z) = z**3 + 7*z**2 + 7*z + 2. Calculate l(h).
-4
Let a(o) be the first derivative of 4*o + 1 + 1/2*o**2. What is a(0)?
4
Let k be (-3)/(-9) - (-1)/(-3). Let b(v) = -v**2 - v - 10. Determine b(k).
-10
Let l(p) = -8*p + 1. Let j(t) = -t**2 - 7*t + 1. Let y(r) = -r + 6. Let q be y(0). Let s(u) = q*j(u) - 5*l(u). Let w = 5 + -4. Calculate s(w).
-7
Let a(n) be the first derivative of n**4/4 - 8*n**3/3 + 7*n**2/2 - 4*n - 10. Calculate a(7).
-4
Let w(i) = -2*i + i**2 - 11*i**3 + 6*i**3 + 3*i. What is w(-1)?
5
Let w(k) = -k**2 + 6*k + 6. Suppose u - 6 = 5*f - 38, 4*u = -2*f + 4. Determine w(f).
6
Let p = 58 + -64. Let f(s) = -s**3 - 6*s**2 - 2*s - 7. Calculate f(p).
5
Let l(v) = 14*v**2 + v. Let j be (-14)/(-7) - 5/((-15)/(-9)). What is l(j)?
13
Let v(y) = -y**2 + 8*y - 4. Suppose -3*r - 3*s + 3 = -0, 4*r + 1 = -5*s. Calculate v(r).
8
Let l(z) = -z**2 + 7*z + 6. Let b be (2 + 1)*3/(-9). Let s = 5 - b. Give l(s).
12
Let j = 6 - 2. Suppose i = -3*q + 10, 2*q - 5 = 3*i + j*q. Let b(h) be the third derivative of h**5/60 + h**4/6 - 7*h**3/6 - 5*h**2. Calculate b(i).
-2
Let p(s) = -s**2 + 3*s + 3. Suppose -3*k = -0*k - 27. Let j = -4 + k. Calculate p(j).
-7
Let m(p) = -3*p - 1. Let o be (0 - -1)*(-2)/1. Let g be m(o). Let k(r) = r + 2*r - g*r. Calculate k(4).
-8
Let t(g) = g**3 + 7*g**2 - 9*g + 3. Let s(r) = -r**3 - 8*r**2 + 10*r - 3. Let d(h) = h - 3. Let v be d(9). Let k(u) = v*t(u) + 5*s(u). Give k(2).
11
Let f(n) = 2*n - 8. Let p be f(7). Let o(w) be the third derivative of w**5/60 - 5*w**4/24 + w**3/3 - 17*w**2. Calculate o(p).
8
Let a be (-5)/(-30) + 89/6. Suppose 0 = 5*v + 5*d - a, 3*v + 2*d = -3*d + 7. Let m(s) = 2*s**2 - 7*s + 5. Give m(v).
9
Let g(m) be the first derivative of -4 + m**3 + 0*m + 1/2*m**2. Let t be (-1)/(1 - (-2)/(-1)). Calculate g(t).
4
Let a(u) be the first derivative of 2*u**3 - u - 1. Let g(i) = -2 - i**3 + 8*i - 2 - 8*i**2 - 2 - 4. Let x be g(-9). Give a(x).
5
Let h(g) = 2*g**2 + 14*g + 7. Let m be h(-6). Let s(x) = -x**2 - 3*x + 12. Calculate s(m).
2
Let m(k) = k - 3. Suppose l - 2*o + 1 = 0, -l + 5*o - 4 - 6 = 0. Give m(l).
2
Let m(s) = -s**3 - s**2 + 1. Let b(t) = -4*t**3 + 5*t**2 + 9*t + 5. Let r(l) = -b(l) + 5*m(l). Calculate r(-9).
0
Let o(w) be the third derivative of 0 + 1/30*w**5 + 0*w + 5/24*w**4 - 2/3*w**3 - 8*w**2. Give o(-4).
8
Suppose 0 = 5*l - 15, 0*c - 2*c - l + 5 = 0. Let t(d) = -10*d + 1. What is t(c)?
-9
Let j(c) = -c**3 - 3*c**2 - c + 2. Suppose 3*x - 2*n = -3*n - 9, 4*n - 15 = 5*x. Give j(x).
5
Let l = -1 + 3. Let k(m) = -5*m - 18*m**2 - 7*m**2 + 2 + 19*m**l - m**3. Determine k(-5).
2
Let p(g) = -g**3 + g**2 - 1. Let m(a) = a**3 - 2*a**2 + a + 2. Let l(r) = -2*m(r) - 3*p(r). Give l(-1).
1
Let j(f) = -3*f + f + 5 - 1. Let c = -12 + 7. Let w = 8 + c. Give j(w).
-2
Suppose -r - 7 = -0*r. Let o(x) = -x**3 - 8*x**2 - 7*x. Calculate o(r).
0
Let j(s) = -s - 3. Suppose 0*d + 2 = d - k, 3*d = 4*k + 3. Suppose -6 = d*r - 4*w, -2*r - 3*w + 10 = -6. Suppose -r*t = 2*t + 16. Give j(t).
1
Suppose 3*j = 4*o - 1, -4*o + o - 13 = -5